{"id":7621,"date":"2025-09-10T18:01:19","date_gmt":"2025-09-10T16:01:19","guid":{"rendered":"https:\/\/landiphotoclub.fr\/?page_id=7621"},"modified":"2026-02-17T22:04:04","modified_gmt":"2026-02-17T20:04:04","slug":"2025-exposition-reflets","status":"publish","type":"page","link":"https:\/\/landiphotoclub.fr\/?page_id=7621","title":{"rendered":"Reflet"},"content":{"rendered":"<p>Le th\u00e8me retenu pour le projet annuel 2024-2025 \u00e9tait \u00ab Reflet \u00bb, un sujet simple et inspirant. Mais simplicit\u00e9 ne veut point dire monotonie. Bien au contraire !<\/p>\n<p>Cinquante membres du club ont travaill\u00e9 sur le sujet, autant de regards diff\u00e9rents mettant en lumi\u00e8re la magie des reflets. La seule contrainte dans notre d\u00e9marche photographique \u00e9tait de trouver des surfaces r\u00e9fl\u00e9chissantes. On pense naturellement \u00e0 l\u2019eau, mais n\u2019oublions pas les miroirs, le m\u00e9tal, le verre\u2026<\/p>\n<p>Pourquoi jouer avec les reflets ? Tout simplement pour enrichir l\u2019image, intriguer, apporter une touche d\u2019originalit\u00e9 et de po\u00e9sie. Bien composer sa photo, g\u00e9rer la lumi\u00e8re et \u00eatre cr\u00e9atif demande de la pr\u00e9paration. Tout au long de l\u2019ann\u00e9e, des s\u00e9ances \u00ab critique \u00bb \u00e9taient propos\u00e9es, afin que chacun puisse affiner son travail.\u00a0Le sujet et son reflet entier, le reflet coup\u00e9, ou uniquement le reflet, il y avait plusieurs mani\u00e8res d\u2019exploiter habilement le th\u00e8me.<br \/>\nC\u2019est avec un grand plaisir que nous vous invitons \u00e0 d\u00e9couvrir ces clich\u00e9s, m\u00ealant paysages, architecture, objets, jeux de lumi\u00e8res\u2026<br \/>\nReflet de notre pens\u00e9e, \u00e9cho artistique d\u2019un sujet ou d\u2019une sc\u00e8ne, la photographie est une source in\u00e9puisable de cr\u00e9ativit\u00e9.<\/p>\n<p>Amusons-nous,<br \/>\nBousculons nos perceptions,<br \/>\nJouons avec les reflets !<br \/>\n\u00ab\u00a0Miroir, mon beau miroir\u2026\u00a0\u00bb<\/p>\n<p><!-- Easy Photo Album --><\/p>\n<style type=\"text\/css\">\n\t#epa-album-7620-7621-0 .epa-image {\n\t\twidth: 31%;\n\t}\n<\/style>\n<ul id=\"epa-album-7620-7621-0\" class=\"epa-album epa-cf\">\n<li class=\"epa-row  epa-cf\">\n<div class=\"epa-image\"><a href=\"https:\/\/landiphotoclub.fr\/wp-content\/uploads\/2025\/09\/1-Agnes-Uguen-683x1024.jpg\" data-lightbox=\"epa-album-7620-7621-0\" title=\"Agn\u00e8s Uguen\"><img decoding=\"async\" src=\"https:\/\/landiphotoclub.fr\/wp-content\/uploads\/2025\/09\/1-Agnes-Uguen-150x150.jpg\" alt=\"1 - Agn\u00e8s Uguen\"\/><br \/><span class=\"epa-title wp-caption\">Agn\u00e8s Uguen<\/span><\/a><\/div>\n<div class=\"epa-image\"><a href=\"https:\/\/landiphotoclub.fr\/wp-content\/uploads\/2025\/09\/2-Alain-Lavanant-683x1024.jpg\" data-lightbox=\"epa-album-7620-7621-0\" title=\"Alain Lavanant\"><img decoding=\"async\" src=\"https:\/\/landiphotoclub.fr\/wp-content\/uploads\/2025\/09\/2-Alain-Lavanant-150x150.jpg\" alt=\"2 - Alain Lavanant\"\/><br \/><span class=\"epa-title wp-caption\">Alain Lavanant<\/span><\/a><\/div>\n<div class=\"epa-image\"><a href=\"https:\/\/landiphotoclub.fr\/wp-content\/uploads\/2025\/09\/3-Alain-Le-Bian-1024x683.jpg\" data-lightbox=\"epa-album-7620-7621-0\" title=\"Alain Le Bian\"><img decoding=\"async\" src=\"https:\/\/landiphotoclub.fr\/wp-content\/uploads\/2025\/09\/3-Alain-Le-Bian-150x150.jpg\" alt=\"3 - Alain Le Bian\"\/><br \/><span class=\"epa-title wp-caption\">Alain Le Bian<\/span><\/a><\/div>\n<\/li>\n<\/ul>\n<p><!-- epa more --> <a href=\"https:\/\/landiphotoclub.fr\/?easy-photo-album=reflets#more-7620\" class=\"more-link\">Lire plus &#8230;<\/a><\/p>\n\n","protected":false},"excerpt":{"rendered":"<!-- Easy Photo Album -->\r\n<style type=\"text\/css\">\r\n\t#epa-album-7620 .epa-image {\r\n\t\twidth: 31%;\r\n\t}\r\n<\/style><ul id=\"epa-album-7620\" class=\"epa-album epa-cf\">\r\n<li class=\"epa-row  epa-cf\">\r\n\t\t\t\t<div class=\"epa-image\"><a href=\"https:\/\/landiphotoclub.fr\/wp-content\/uploads\/2025\/09\/1-Agnes-Uguen-683x1024.jpg\" data-lightbox=\"epa-album-7620\" title=\"Agn\u00e8s Uguen\"><img decoding=\"async\" src=\"https:\/\/landiphotoclub.fr\/wp-content\/uploads\/2025\/09\/1-Agnes-Uguen-150x150.jpg\" alt=\"1 - Agn\u00e8s Uguen\"\/><br \/><span class=\"epa-title wp-caption\">Agn\u00e8s Uguen<\/span><\/a><\/div><div class=\"epa-image\"><a href=\"https:\/\/landiphotoclub.fr\/wp-content\/uploads\/2025\/09\/2-Alain-Lavanant-683x1024.jpg\" data-lightbox=\"epa-album-7620\" title=\"Alain Lavanant\"><img decoding=\"async\" src=\"https:\/\/landiphotoclub.fr\/wp-content\/uploads\/2025\/09\/2-Alain-Lavanant-150x150.jpg\" alt=\"2 - Alain Lavanant\"\/><br \/><span class=\"epa-title wp-caption\">Alain Lavanant<\/span><\/a><\/div><div class=\"epa-image\"><a href=\"https:\/\/landiphotoclub.fr\/wp-content\/uploads\/2025\/09\/3-Alain-Le-Bian-1024x683.jpg\" data-lightbox=\"epa-album-7620\" title=\"Alain Le Bian\"><img decoding=\"async\" src=\"https:\/\/landiphotoclub.fr\/wp-content\/uploads\/2025\/09\/3-Alain-Le-Bian-150x150.jpg\" alt=\"3 - Alain Le Bian\"\/><br \/><span class=\"epa-title wp-caption\">Alain Le Bian<\/span><\/a><\/div>\r\n<\/li><\/ul><!-- epa more --> <a href=\"https:\/\/landiphotoclub.fr\/?page_id=7621#more-7621\" class=\"more-link\">Lire plus ...<\/a>","protected":false},"author":1,"featured_media":0,"parent":0,"menu_order":0,"comment_status":"closed","ping_status":"closed","template":"","meta":{"footnotes":""},"class_list":["post-7621","page","type-page","status-publish","hentry"],"_links":{"self":[{"href":"https:\/\/landiphotoclub.fr\/index.php?rest_route=\/wp\/v2\/pages\/7621","targetHints":{"allow":["GET"]}}],"collection":[{"href":"https:\/\/landiphotoclub.fr\/index.php?rest_route=\/wp\/v2\/pages"}],"about":[{"href":"https:\/\/landiphotoclub.fr\/index.php?rest_route=\/wp\/v2\/types\/page"}],"author":[{"embeddable":true,"href":"https:\/\/landiphotoclub.fr\/index.php?rest_route=\/wp\/v2\/users\/1"}],"replies":[{"embeddable":true,"href":"https:\/\/landiphotoclub.fr\/index.php?rest_route=%2Fwp%2Fv2%2Fcomments&post=7621"}],"version-history":[{"count":6,"href":"https:\/\/landiphotoclub.fr\/index.php?rest_route=\/wp\/v2\/pages\/7621\/revisions"}],"predecessor-version":[{"id":7973,"href":"https:\/\/landiphotoclub.fr\/index.php?rest_route=\/wp\/v2\/pages\/7621\/revisions\/7973"}],"wp:attachment":[{"href":"https:\/\/landiphotoclub.fr\/index.php?rest_route=%2Fwp%2Fv2%2Fmedia&parent=7621"}],"curies":[{"name":"wp","href":"https:\/\/api.w.org\/{rel}","templated":true}]}}

<p>Le thème retenu pour le projet annuel 2024-2025 était « Reflet », un sujet simple et inspirant. Mais simplicité ne veut point dire monotonie. Bien au contraire !</p>
<p>Cinquante membres du club ont travaillé sur le sujet, autant de regards différents mettant en lumière la magie des reflets. La seule contrainte dans notre démarche photographique était de trouver des surfaces réfléchissantes. On pense naturellement à l’eau, mais n’oublions pas les miroirs, le métal, le verre…</p>
<p>Pourquoi jouer avec les reflets ? Tout simplement pour enrichir l’image, intriguer, apporter une touche d’originalité et de poésie. Bien composer sa photo, gérer la lumière et être créatif demande de la préparation. Tout au long de l’année, des séances « critique » étaient proposées, afin que chacun puisse affiner son travail. Le sujet et son reflet entier, le reflet coupé, ou uniquement le reflet, il y avait plusieurs manières d’exploiter habilement le thème.<br />
C’est avec un grand plaisir que nous vous invitons à découvrir ces clichés, mêlant paysages, architecture, objets, jeux de lumières…<br />
Reflet de notre pensée, écho artistique d’un sujet ou d’une scène, la photographie est une source inépuisable de créativité.</p>
<p>Amusons-nous,<br />
Bousculons nos perceptions,<br />
Jouons avec les reflets !<br />
« Miroir, mon beau miroir… »</p>
<p><!-- Easy Photo Album --></p>
<style type="text/css">
	#epa-album-7620-7621-0 .epa-image {
		width: 31%;
	}
</style>
<ul id="epa-album-7620-7621-0" class="epa-album epa-cf">
<li class="epa-row  epa-cf">
<div class="epa-image"><a href="https://landiphotoclub.fr/wp-content/uploads/2025/09/1-Agnes-Uguen-683x1024.jpg" data-lightbox="epa-album-7620-7621-0" title="Agnès Uguen"><img decoding="async" src="https://landiphotoclub.fr/wp-content/uploads/2025/09/1-Agnes-Uguen-150x150.jpg" alt="1 - Agnès Uguen"/><br /><span class="epa-title wp-caption">Agnès Uguen</span></a></div>
<div class="epa-image"><a href="https://landiphotoclub.fr/wp-content/uploads/2025/09/2-Alain-Lavanant-683x1024.jpg" data-lightbox="epa-album-7620-7621-0" title="Alain Lavanant"><img decoding="async" src="https://landiphotoclub.fr/wp-content/uploads/2025/09/2-Alain-Lavanant-150x150.jpg" alt="2 - Alain Lavanant"/><br /><span class="epa-title wp-caption">Alain Lavanant</span></a></div>
<div class="epa-image"><a href="https://landiphotoclub.fr/wp-content/uploads/2025/09/3-Alain-Le-Bian-1024x683.jpg" data-lightbox="epa-album-7620-7621-0" title="Alain Le Bian"><img decoding="async" src="https://landiphotoclub.fr/wp-content/uploads/2025/09/3-Alain-Le-Bian-150x150.jpg" alt="3 - Alain Le Bian"/><br /><span class="epa-title wp-caption">Alain Le Bian</span></a></div>
</li>
</ul>
<p><!-- epa more --> <a href="https://landiphotoclub.fr/?easy-photo-album=reflets#more-7620" class="more-link">Lire plus &#8230;</a></p>

<!-- Easy Photo Album -->
<style type="text/css">
	#epa-album-7620 .epa-image {
		width: 31%;
	}
</style><ul id="epa-album-7620" class="epa-album epa-cf">
<li class="epa-row  epa-cf">
				<div class="epa-image"><a href="https://landiphotoclub.fr/wp-content/uploads/2025/09/1-Agnes-Uguen-683x1024.jpg" data-lightbox="epa-album-7620" title="Agnès Uguen"><img decoding="async" src="https://landiphotoclub.fr/wp-content/uploads/2025/09/1-Agnes-Uguen-150x150.jpg" alt="1 - Agnès Uguen"/><br /><span class="epa-title wp-caption">Agnès Uguen</span></a></div><div class="epa-image"><a href="https://landiphotoclub.fr/wp-content/uploads/2025/09/2-Alain-Lavanant-683x1024.jpg" data-lightbox="epa-album-7620" title="Alain Lavanant"><img decoding="async" src="https://landiphotoclub.fr/wp-content/uploads/2025/09/2-Alain-Lavanant-150x150.jpg" alt="2 - Alain Lavanant"/><br /><span class="epa-title wp-caption">Alain Lavanant</span></a></div><div class="epa-image"><a href="https://landiphotoclub.fr/wp-content/uploads/2025/09/3-Alain-Le-Bian-1024x683.jpg" data-lightbox="epa-album-7620" title="Alain Le Bian"><img decoding="async" src="https://landiphotoclub.fr/wp-content/uploads/2025/09/3-Alain-Le-Bian-150x150.jpg" alt="3 - Alain Le Bian"/><br /><span class="epa-title wp-caption">Alain Le Bian</span></a></div>
</li></ul><!-- epa more --> <a href="https://landiphotoclub.fr/?page_id=7621#more-7621" class="more-link">Lire plus ...</a>
