{"id":2399,"date":"2017-06-19T18:46:47","date_gmt":"2017-06-19T16:46:47","guid":{"rendered":"http:\/\/landiphotoclub.fr\/?page_id=2399"},"modified":"2026-02-17T21:58:50","modified_gmt":"2026-02-17T19:58:50","slug":"la-fuite-du-temps-off","status":"publish","type":"page","link":"https:\/\/landiphotoclub.fr\/?page_id=2399","title":{"rendered":"La Fuite Du Temps"},"content":{"rendered":"<p>La fuite du temps [Tempus fugit&#8230;]\n<p>Dans le cadre du premier Festival photographique po\u00e9tique de l&rsquo;association \u00ab\u00a0Photos en po\u00e9sie\u00a0\u00bb (plus d&rsquo; informations sur le site <a href=\"https:\/\/www.photosenpoesie.fr\/\" target=\"_blank\" rel=\"noopener noreferrer\">www.photosenpoesie.fr<\/a> )\u00a0 dont les clich\u00e9s ont pu \u00eatre admir\u00e9s au parc de Cr\u00e9ac&rsquo;h Kellen et au lavoir Saint Thivisiau du 13 mai au 3 septembre 2017<\/p>\n<p>Les membres du <span class=\"_5afx\"><span class=\"_58cm\">Landi Photo Club<\/span><\/span> ont \u00e9t\u00e9 parrain\u00e9s par l&rsquo;\u00e9tablissement Leclerc de <span class=\"text_exposed_show\">Landivisiau, afin de pouvoir r\u00e9aliser une exposition en Off de 10 clich\u00e9s qui seront affich\u00e9s pendant tout le temps du Festival au niveau de l&rsquo;epace restauration.<br \/>\n<\/span><\/p>\n<div class=\"text_exposed_show\"><\/div>\n<p><!-- Easy Photo Album --><\/p>\n<style type=\"text\/css\">\n\t#epa-album-2398-2399-0 .epa-image {\n\t\twidth: 31%;\n\t}\n<\/style>\n<ul id=\"epa-album-2398-2399-0\" class=\"epa-album epa-cf\">\n<li class=\"epa-row  epa-cf\">\n<div class=\"epa-image\"><a href=\"http:\/\/landiphotoclub.fr\/wp-content\/uploads\/2017\/06\/La-fuite-du-temps-683x1024.jpg\" data-lightbox=\"epa-album-2398-2399-0\" title=\"A-F. LAURANS\"><img decoding=\"async\" src=\"http:\/\/landiphotoclub.fr\/wp-content\/uploads\/2017\/06\/La-fuite-du-temps-150x150.jpg\" alt=\"La fuite du temps\"\/><br \/><span class=\"epa-title wp-caption\">A-F. LAURANS<\/span><\/a><\/div>\n<div class=\"epa-image\"><a href=\"http:\/\/landiphotoclub.fr\/wp-content\/uploads\/2017\/06\/La-fuite-du-temps10-1024x683.jpg\" data-lightbox=\"epa-album-2398-2399-0\" title=\"S. BARON\"><img decoding=\"async\" src=\"http:\/\/landiphotoclub.fr\/wp-content\/uploads\/2017\/06\/La-fuite-du-temps10-150x150.jpg\" alt=\"La fuite du temps10\"\/><br \/><span class=\"epa-title wp-caption\">S. BARON<\/span><\/a><\/div>\n<div class=\"epa-image\"><a href=\"http:\/\/landiphotoclub.fr\/wp-content\/uploads\/2017\/06\/La-fuite-du-temps9-1024x683.jpg\" data-lightbox=\"epa-album-2398-2399-0\" title=\"S-E. JOUANNY\"><img decoding=\"async\" src=\"http:\/\/landiphotoclub.fr\/wp-content\/uploads\/2017\/06\/La-fuite-du-temps9-150x150.jpg\" alt=\"La fuite du temps9\"\/><br \/><span class=\"epa-title wp-caption\">S-E. JOUANNY<\/span><\/a><\/div>\n<p><span id=\"more-2399\"><\/span>\n\t\t\t\t<\/li>\n<li class=\"epa-row epa-cf\">\n<div class=\"epa-image\"><a href=\"http:\/\/landiphotoclub.fr\/wp-content\/uploads\/2017\/06\/La-fuite-du-temps8-1024x683.jpg\" data-lightbox=\"epa-album-2398-2399-0\" title=\"R. PAGE\"><img decoding=\"async\" src=\"http:\/\/landiphotoclub.fr\/wp-content\/uploads\/2017\/06\/La-fuite-du-temps8-150x150.jpg\" alt=\"La fuite du temps8\"\/><br \/><span class=\"epa-title wp-caption\">R. PAGE<\/span><\/a><\/div>\n<div class=\"epa-image\"><a href=\"http:\/\/landiphotoclub.fr\/wp-content\/uploads\/2017\/06\/La-fuite-du-temps7-1024x683.jpg\" data-lightbox=\"epa-album-2398-2399-0\" title=\"R. LAMOUR\"><img decoding=\"async\" src=\"http:\/\/landiphotoclub.fr\/wp-content\/uploads\/2017\/06\/La-fuite-du-temps7-150x150.jpg\" alt=\"La fuite du temps7\"\/><br \/><span class=\"epa-title wp-caption\">R. LAMOUR<\/span><\/a><\/div>\n<div class=\"epa-image\"><a href=\"http:\/\/landiphotoclub.fr\/wp-content\/uploads\/2017\/06\/La-fuite-du-temps6-683x1024.jpg\" data-lightbox=\"epa-album-2398-2399-0\" title=\"M. GUILLOU\"><img decoding=\"async\" src=\"http:\/\/landiphotoclub.fr\/wp-content\/uploads\/2017\/06\/La-fuite-du-temps6-150x150.jpg\" alt=\"La fuite du temps6\"\/><br \/><span class=\"epa-title wp-caption\">M. GUILLOU<\/span><\/a><\/div>\n<\/li>\n<li class=\"epa-row epa-cf\">\n<div class=\"epa-image\"><a href=\"http:\/\/landiphotoclub.fr\/wp-content\/uploads\/2017\/06\/La-fuite-du-temps5-683x1024.jpg\" data-lightbox=\"epa-album-2398-2399-0\" title=\"C. LOSTANLEN\"><img decoding=\"async\" src=\"http:\/\/landiphotoclub.fr\/wp-content\/uploads\/2017\/06\/La-fuite-du-temps5-150x150.jpg\" alt=\"La fuite du temps5\"\/><br \/><span class=\"epa-title wp-caption\">C. LOSTANLEN<\/span><\/a><\/div>\n<div class=\"epa-image\"><a href=\"http:\/\/landiphotoclub.fr\/wp-content\/uploads\/2017\/06\/La-fuite-du-temps4-683x1024.jpg\" data-lightbox=\"epa-album-2398-2399-0\" title=\"C. PRISER\"><img decoding=\"async\" src=\"http:\/\/landiphotoclub.fr\/wp-content\/uploads\/2017\/06\/La-fuite-du-temps4-150x150.jpg\" alt=\"La fuite du temps4\"\/><br \/><span class=\"epa-title wp-caption\">C. PRISER<\/span><\/a><\/div>\n<div class=\"epa-image\"><a href=\"http:\/\/landiphotoclub.fr\/wp-content\/uploads\/2017\/06\/La-fuite-du-temps3-683x1024.jpg\" data-lightbox=\"epa-album-2398-2399-0\" title=\"C. ROLLAND\"><img decoding=\"async\" src=\"http:\/\/landiphotoclub.fr\/wp-content\/uploads\/2017\/06\/La-fuite-du-temps3-150x150.jpg\" alt=\"La fuite du temps3\"\/><br \/><span class=\"epa-title wp-caption\">C. ROLLAND<\/span><\/a><\/div>\n<\/li>\n<li class=\"epa-row epa-cf\">\n<div class=\"epa-image\"><a href=\"http:\/\/landiphotoclub.fr\/wp-content\/uploads\/2017\/06\/La-fuite-du-temps2-1024x683.jpg\" data-lightbox=\"epa-album-2398-2399-0\" title=\"A. CAILLEAU\"><img decoding=\"async\" src=\"http:\/\/landiphotoclub.fr\/wp-content\/uploads\/2017\/06\/La-fuite-du-temps2-150x150.jpg\" alt=\"La fuite du temps2\"\/><br \/><span class=\"epa-title wp-caption\">A. CAILLEAU<\/span><\/a><\/div>\n<\/li>\n<\/ul>\n\n","protected":false},"excerpt":{"rendered":"<!-- Easy Photo Album -->\r\n<style type=\"text\/css\">\r\n\t#epa-album-2398 .epa-image {\r\n\t\twidth: 31%;\r\n\t}\r\n<\/style><ul id=\"epa-album-2398\" class=\"epa-album epa-cf\">\r\n<li class=\"epa-row  epa-cf\">\r\n\t\t\t\t<div class=\"epa-image\"><a href=\"http:\/\/landiphotoclub.fr\/wp-content\/uploads\/2017\/06\/La-fuite-du-temps-683x1024.jpg\" data-lightbox=\"epa-album-2398\" title=\"A-F. LAURANS\"><img decoding=\"async\" src=\"http:\/\/landiphotoclub.fr\/wp-content\/uploads\/2017\/06\/La-fuite-du-temps-150x150.jpg\" alt=\"La fuite du temps\"\/><br\/><span class=\"epa-title wp-caption\">A-F. LAURANS<\/span><\/a><\/div><div class=\"epa-image\"><a href=\"http:\/\/landiphotoclub.fr\/wp-content\/uploads\/2017\/06\/La-fuite-du-temps10-1024x683.jpg\" data-lightbox=\"epa-album-2398\" title=\"S. BARON\"><img decoding=\"async\" src=\"http:\/\/landiphotoclub.fr\/wp-content\/uploads\/2017\/06\/La-fuite-du-temps10-150x150.jpg\" alt=\"La fuite du temps10\"\/><br\/><span class=\"epa-title wp-caption\">S. BARON<\/span><\/a><\/div><div class=\"epa-image\"><a href=\"http:\/\/landiphotoclub.fr\/wp-content\/uploads\/2017\/06\/La-fuite-du-temps9-1024x683.jpg\" data-lightbox=\"epa-album-2398\" title=\"S-E. JOUANNY\"><img decoding=\"async\" src=\"http:\/\/landiphotoclub.fr\/wp-content\/uploads\/2017\/06\/La-fuite-du-temps9-150x150.jpg\" alt=\"La fuite du temps9\"\/><br\/><span class=\"epa-title wp-caption\">S-E. JOUANNY<\/span><\/a><\/div>\r\n<span id=\"more-2399\"><\/span>\r\n\t\t\t\t<\/li><li class=\"epa-row epa-cf\"><div class=\"epa-image\"><a href=\"http:\/\/landiphotoclub.fr\/wp-content\/uploads\/2017\/06\/La-fuite-du-temps8-1024x683.jpg\" data-lightbox=\"epa-album-2398\" title=\"R. PAGE\"><img decoding=\"async\" src=\"http:\/\/landiphotoclub.fr\/wp-content\/uploads\/2017\/06\/La-fuite-du-temps8-150x150.jpg\" alt=\"La fuite du temps8\"\/><br\/><span class=\"epa-title wp-caption\">R. PAGE<\/span><\/a><\/div><div class=\"epa-image\"><a href=\"http:\/\/landiphotoclub.fr\/wp-content\/uploads\/2017\/06\/La-fuite-du-temps7-1024x683.jpg\" data-lightbox=\"epa-album-2398\" title=\"R. LAMOUR\"><img decoding=\"async\" src=\"http:\/\/landiphotoclub.fr\/wp-content\/uploads\/2017\/06\/La-fuite-du-temps7-150x150.jpg\" alt=\"La fuite du temps7\"\/><br\/><span class=\"epa-title wp-caption\">R. LAMOUR<\/span><\/a><\/div><div class=\"epa-image\"><a href=\"http:\/\/landiphotoclub.fr\/wp-content\/uploads\/2017\/06\/La-fuite-du-temps6-683x1024.jpg\" data-lightbox=\"epa-album-2398\" title=\"M. GUILLOU\"><img decoding=\"async\" src=\"http:\/\/landiphotoclub.fr\/wp-content\/uploads\/2017\/06\/La-fuite-du-temps6-150x150.jpg\" alt=\"La fuite du temps6\"\/><br\/><span class=\"epa-title wp-caption\">M. GUILLOU<\/span><\/a><\/div><\/li><li class=\"epa-row epa-cf\"><div class=\"epa-image\"><a href=\"http:\/\/landiphotoclub.fr\/wp-content\/uploads\/2017\/06\/La-fuite-du-temps5-683x1024.jpg\" data-lightbox=\"epa-album-2398\" title=\"C. LOSTANLEN\"><img decoding=\"async\" src=\"http:\/\/landiphotoclub.fr\/wp-content\/uploads\/2017\/06\/La-fuite-du-temps5-150x150.jpg\" alt=\"La fuite du temps5\"\/><br\/><span class=\"epa-title wp-caption\">C. LOSTANLEN<\/span><\/a><\/div><div class=\"epa-image\"><a href=\"http:\/\/landiphotoclub.fr\/wp-content\/uploads\/2017\/06\/La-fuite-du-temps4-683x1024.jpg\" data-lightbox=\"epa-album-2398\" title=\"C. PRISER\"><img decoding=\"async\" src=\"http:\/\/landiphotoclub.fr\/wp-content\/uploads\/2017\/06\/La-fuite-du-temps4-150x150.jpg\" alt=\"La fuite du temps4\"\/><br\/><span class=\"epa-title wp-caption\">C. PRISER<\/span><\/a><\/div><div class=\"epa-image\"><a href=\"http:\/\/landiphotoclub.fr\/wp-content\/uploads\/2017\/06\/La-fuite-du-temps3-683x1024.jpg\" data-lightbox=\"epa-album-2398\" title=\"C. ROLLAND\"><img decoding=\"async\" src=\"http:\/\/landiphotoclub.fr\/wp-content\/uploads\/2017\/06\/La-fuite-du-temps3-150x150.jpg\" alt=\"La fuite du temps3\"\/><br\/><span class=\"epa-title wp-caption\">C. ROLLAND<\/span><\/a><\/div><\/li><li class=\"epa-row epa-cf\"><div class=\"epa-image\"><a href=\"http:\/\/landiphotoclub.fr\/wp-content\/uploads\/2017\/06\/La-fuite-du-temps2-1024x683.jpg\" data-lightbox=\"epa-album-2398\" title=\"A. CAILLEAU\"><img decoding=\"async\" src=\"http:\/\/landiphotoclub.fr\/wp-content\/uploads\/2017\/06\/La-fuite-du-temps2-150x150.jpg\" alt=\"La fuite du temps2\"\/><br\/><span class=\"epa-title wp-caption\">A. CAILLEAU<\/span><\/a><\/div><\/li><\/ul>","protected":false},"author":1,"featured_media":0,"parent":0,"menu_order":0,"comment_status":"closed","ping_status":"closed","template":"","meta":{"footnotes":""},"class_list":["post-2399","page","type-page","status-publish","hentry"],"_links":{"self":[{"href":"https:\/\/landiphotoclub.fr\/index.php?rest_route=\/wp\/v2\/pages\/2399","targetHints":{"allow":["GET"]}}],"collection":[{"href":"https:\/\/landiphotoclub.fr\/index.php?rest_route=\/wp\/v2\/pages"}],"about":[{"href":"https:\/\/landiphotoclub.fr\/index.php?rest_route=\/wp\/v2\/types\/page"}],"author":[{"embeddable":true,"href":"https:\/\/landiphotoclub.fr\/index.php?rest_route=\/wp\/v2\/users\/1"}],"replies":[{"embeddable":true,"href":"https:\/\/landiphotoclub.fr\/index.php?rest_route=%2Fwp%2Fv2%2Fcomments&post=2399"}],"version-history":[{"count":7,"href":"https:\/\/landiphotoclub.fr\/index.php?rest_route=\/wp\/v2\/pages\/2399\/revisions"}],"predecessor-version":[{"id":7965,"href":"https:\/\/landiphotoclub.fr\/index.php?rest_route=\/wp\/v2\/pages\/2399\/revisions\/7965"}],"wp:attachment":[{"href":"https:\/\/landiphotoclub.fr\/index.php?rest_route=%2Fwp%2Fv2%2Fmedia&parent=2399"}],"curies":[{"name":"wp","href":"https:\/\/api.w.org\/{rel}","templated":true}]}}

<p>La fuite du temps [Tempus fugit&#8230;]
<p>Dans le cadre du premier Festival photographique poétique de l&rsquo;association « Photos en poésie » (plus d&rsquo; informations sur le site <a href="https://www.photosenpoesie.fr/" target="_blank" rel="noopener noreferrer">www.photosenpoesie.fr</a> )  dont les clichés ont pu être admirés au parc de Créac&rsquo;h Kellen et au lavoir Saint Thivisiau du 13 mai au 3 septembre 2017</p>
<p>Les membres du <span class="_5afx"><span class="_58cm">Landi Photo Club</span></span> ont été parrainés par l&rsquo;établissement Leclerc de <span class="text_exposed_show">Landivisiau, afin de pouvoir réaliser une exposition en Off de 10 clichés qui seront affichés pendant tout le temps du Festival au niveau de l&rsquo;epace restauration.<br />
</span></p>
<div class="text_exposed_show"></div>
<p><!-- Easy Photo Album --></p>
<style type="text/css">
	#epa-album-2398-2399-0 .epa-image {
		width: 31%;
	}
</style>
<ul id="epa-album-2398-2399-0" class="epa-album epa-cf">
<li class="epa-row  epa-cf">
<div class="epa-image"><a href="http://landiphotoclub.fr/wp-content/uploads/2017/06/La-fuite-du-temps-683x1024.jpg" data-lightbox="epa-album-2398-2399-0" title="A-F. LAURANS"><img decoding="async" src="http://landiphotoclub.fr/wp-content/uploads/2017/06/La-fuite-du-temps-150x150.jpg" alt="La fuite du temps"/><br /><span class="epa-title wp-caption">A-F. LAURANS</span></a></div>
<div class="epa-image"><a href="http://landiphotoclub.fr/wp-content/uploads/2017/06/La-fuite-du-temps10-1024x683.jpg" data-lightbox="epa-album-2398-2399-0" title="S. BARON"><img decoding="async" src="http://landiphotoclub.fr/wp-content/uploads/2017/06/La-fuite-du-temps10-150x150.jpg" alt="La fuite du temps10"/><br /><span class="epa-title wp-caption">S. BARON</span></a></div>
<div class="epa-image"><a href="http://landiphotoclub.fr/wp-content/uploads/2017/06/La-fuite-du-temps9-1024x683.jpg" data-lightbox="epa-album-2398-2399-0" title="S-E. JOUANNY"><img decoding="async" src="http://landiphotoclub.fr/wp-content/uploads/2017/06/La-fuite-du-temps9-150x150.jpg" alt="La fuite du temps9"/><br /><span class="epa-title wp-caption">S-E. JOUANNY</span></a></div>
<p><span id="more-2399"></span>
				</li>
<li class="epa-row epa-cf">
<div class="epa-image"><a href="http://landiphotoclub.fr/wp-content/uploads/2017/06/La-fuite-du-temps8-1024x683.jpg" data-lightbox="epa-album-2398-2399-0" title="R. PAGE"><img decoding="async" src="http://landiphotoclub.fr/wp-content/uploads/2017/06/La-fuite-du-temps8-150x150.jpg" alt="La fuite du temps8"/><br /><span class="epa-title wp-caption">R. PAGE</span></a></div>
<div class="epa-image"><a href="http://landiphotoclub.fr/wp-content/uploads/2017/06/La-fuite-du-temps7-1024x683.jpg" data-lightbox="epa-album-2398-2399-0" title="R. LAMOUR"><img decoding="async" src="http://landiphotoclub.fr/wp-content/uploads/2017/06/La-fuite-du-temps7-150x150.jpg" alt="La fuite du temps7"/><br /><span class="epa-title wp-caption">R. LAMOUR</span></a></div>
<div class="epa-image"><a href="http://landiphotoclub.fr/wp-content/uploads/2017/06/La-fuite-du-temps6-683x1024.jpg" data-lightbox="epa-album-2398-2399-0" title="M. GUILLOU"><img decoding="async" src="http://landiphotoclub.fr/wp-content/uploads/2017/06/La-fuite-du-temps6-150x150.jpg" alt="La fuite du temps6"/><br /><span class="epa-title wp-caption">M. GUILLOU</span></a></div>
</li>
<li class="epa-row epa-cf">
<div class="epa-image"><a href="http://landiphotoclub.fr/wp-content/uploads/2017/06/La-fuite-du-temps5-683x1024.jpg" data-lightbox="epa-album-2398-2399-0" title="C. LOSTANLEN"><img decoding="async" src="http://landiphotoclub.fr/wp-content/uploads/2017/06/La-fuite-du-temps5-150x150.jpg" alt="La fuite du temps5"/><br /><span class="epa-title wp-caption">C. LOSTANLEN</span></a></div>
<div class="epa-image"><a href="http://landiphotoclub.fr/wp-content/uploads/2017/06/La-fuite-du-temps4-683x1024.jpg" data-lightbox="epa-album-2398-2399-0" title="C. PRISER"><img decoding="async" src="http://landiphotoclub.fr/wp-content/uploads/2017/06/La-fuite-du-temps4-150x150.jpg" alt="La fuite du temps4"/><br /><span class="epa-title wp-caption">C. PRISER</span></a></div>
<div class="epa-image"><a href="http://landiphotoclub.fr/wp-content/uploads/2017/06/La-fuite-du-temps3-683x1024.jpg" data-lightbox="epa-album-2398-2399-0" title="C. ROLLAND"><img decoding="async" src="http://landiphotoclub.fr/wp-content/uploads/2017/06/La-fuite-du-temps3-150x150.jpg" alt="La fuite du temps3"/><br /><span class="epa-title wp-caption">C. ROLLAND</span></a></div>
</li>
<li class="epa-row epa-cf">
<div class="epa-image"><a href="http://landiphotoclub.fr/wp-content/uploads/2017/06/La-fuite-du-temps2-1024x683.jpg" data-lightbox="epa-album-2398-2399-0" title="A. CAILLEAU"><img decoding="async" src="http://landiphotoclub.fr/wp-content/uploads/2017/06/La-fuite-du-temps2-150x150.jpg" alt="La fuite du temps2"/><br /><span class="epa-title wp-caption">A. CAILLEAU</span></a></div>
</li>
</ul>
